09
In base 11, what is 1a58057 + -2?
1a58055
In base 10, what is -52782 + 43?
-52739
In base 3, what is 102111020012 - -20011?
102111110100
In base 13, what is 27 - 3637c9?
-3637a2
In base 11, what is -4 - 635433?
-635437
In base 3, what is -10122 - 122211201102?
-122211212001
In base 14, what is 159 - 337683?
-337528
In base 2, what is -101100111101110 - -110011?
-101100110111011
In base 3, what is -2102 + 10112021121010?
10112021111201
In base 4, what is 22000 - 13110111?
-13022111
In base 6, what is -1253014 + -3?
-1253021
In base 15, what is 9516de - 0?
9516de
In base 13, what is -8903a + -879?
-898b6
In base 3, what is -11 + 10000212010220212?
10000212010220201
In base 10, what is -1710 + 131561?
129851
In base 8, what is 103 + 3764316?
3764421
In base 16, what is b5c2e8 - -11?
b5c2f9
In base 15, what is -33c5 + 9?
-33bb
In base 6, what is 11353 + -13052?
-1255
In base 12, what is 12b + -b09a7?
-b0878
In base 3, what is 22112201200110021 + 10?
22112201200110101
In base 2, what is -100111011001 - 11001001001011?
-11110000100100
In base 7, what is -205013 - 1302?
-206315
In base 10, what is -374 + 80780?
80406
In base 13, what is 5 + -827aa?
-827a5
In base 7, what is 2155264240 + -5?
2155264232
In base 16, what is -57d907 - -1?
-57d906
In base 8, what is 17 + 2244205?
2244224
In base 4, what is 1131 + -2301112102?
-2301110311
In base 5, what is 1300 + 322113211?
322120011
In base 3, what is -1 - 12020210002020?
-12020210002021
In base 16, what is -177b9d - 2?
-177b9f
In base 4, what is 10312230303 + -1330?
10312222313
In base 7, what is -216 - -202134?
201615
In base 15, what is 10 - -158b13?
158b23
In base 13, what is -b39bab1 - -3?
-b39baab
In base 4, what is 1012331131231 + 0?
1012331131231
In base 13, what is 687b - 22b?
6650
In base 16, what is -2a1add7 + -3?
-2a1adda
In base 6, what is -2015212 + 504?
-2014304
In base 6, what is 311422033 + 4?
311422041
In base 10, what is -4 + -49232304?
-49232308
In base 13, what is 267459 + 690?
267b19
In base 2, what is -1010110100100101100110110 - 11011?
-1010110100100101101010001
In base 16, what is 547a - 2a?
5450
In base 4, what is 1103101120132 - 21?
1103101120111
In base 14, what is -26701b1a - 0?
-26701b1a
In base 8, what is 120671 - 675?
117774
In base 13, what is 20a578952 + 1?
20a578953
In base 13, what is -20 - -92aa70?
92aa50
In base 7, what is 262 - 3105654?
-3105362
In base 7, what is 4220044502 + -2?
4220044500
In base 13, what is -15a + 140762a?
14074a0
In base 5, what is 340003311 + 2120?
340010431
In base 9, what is 4 + -1116815?
-1116811
In base 14, what is 170a90 + -51?
170a3d
In base 12, what is 74a03 + 7b4?
755b7
In base 15, what is abac - 3b?
ab71
In base 6, what is -24114 + 302?
-23412
In base 5, what is 12 + 1123113421?
1123113433
In base 5, what is 3 + 231401433310?
231401433313
In base 4, what is -1021023101 + -1210?
-1021030311
In base 16, what is -6 - -3edd609?
3edd603
In base 11, what is 4a5 + -708a7?
-70402
In base 15, what is -4 + 30b9b5?
30b9b1
In base 15, what is 696 - e0?
5a6
In base 7, what is -51 + 302451036?
302450655
In base 10, what is -150545 - -104?
-150441
In base 9, what is -47 + -5162631?
-5162678
In base 3, what is -210102121201000 - 1?
-210102121201001
In base 12, what is 4516969 + -9?
4516960
In base 11, what is 30a18a47 + 4?
30a18a50
In base 7, what is -402206 + 320?
-401556
In base 7, what is 630223555 + -1?
630223554
In base 14, what is 4c0c8 + 3a?
4c124
In base 3, what is 2 + 10100000122212?
10100000122221
In base 13, what is -4 + 64c0a00?
64c09c9
In base 7, what is 4 + -1422302?
-1422265
In base 15, what is -3e - d27058?
-d27097
In base 7, what is -22025 - -13403?
-5322
In base 10, what is 304179326 + 2?
304179328
In base 7, what is -1005 - -3546344?
3545336
In base 16, what is -5de39 - -b46?
-5d2f3
In base 7, what is 22 + 661411060?
661411112
In base 9, what is 3 - -2502143?
2502146
In base 16, what is -36bd7 + 6a?
-36b6d
In base 13, what is -57 - -6b1c?
6a95
In base 10, what is -3816376 + 3?
-3816373
In base 8, what is -144255 - 1125?
-145402
In base 11, what is -1710728 + -17?
-1710744
In base 7, what is -1204122160 - -4?
-1204122153
In base 3, what is 21 - -1202210102100?
1202210102121
In base 3, what is 1001222212210110 + -11?
1001222212210022
In base 9, what is -4 + -4752668?
-4752673
In base 14, what is 2a20 + 2a?
2a4a
In base 3, what is -1020202011110000 + -11?
-1020202011110011
In base 14, what is -4b43 + b29?
-4018
In base 11, what is 4 - -1363a1?
1363a5
In base 11, what is -4 + 30224163?
3022415a
In base 16, what is bea657 + -4?
bea653
In base 7, what is -240636 - 601?
-241540
In base 14, what is -55dada49 + 5?
-55dada44
In base 2, what is 1 + 110010001010100111101101011?
110010001010100111101101100
In base 11, what is 7 - a145a80?
-a145a74
In base 4, what is 0 - 1103120313001?
-1103120313001
In base 12, what is 4 - -17644969?
17644971
In base 2, what is 100 + -10110111111000000100111101?
-10110111111000000100111001
In base 9, what is -10633 - 280?
-11023
In base 4, what is 11 - 200311331031?
-200311331020
In base 9, what is -225 - 2665025?
-2665251
In base 9, what is -570 + -53067?
-53647
In base 7, what is -2163 + -121143?
-123336
In base 13, what is -1c5 - 1a03?
-1bc8
In base 2, what is -1110001010 + -10101101011010100?
-10101111001011110
In base 9, what is 8872414 - 1?
8872413
In base 10, what is -600822594 + 3?
-600822591
In base 6, what is 101 - -1340103?
1340204
In base 7, what is 454412 + -153?
454226
In base 10, what is 206096 + 0?
206096
In base 10, what is 123930 + 103?
124033
In base 8, what is 3 - 1465372?
-1465367
In base 16, what is -14df53 + -4?
-14df57
In base 8, what is 76660736 + -3?
76660733
In base 8, what is -3374203 + 4?
-3374177
In base 9, what is -552053 + -5?
-552058
In base 4, what is 3223131130000 - 20?
3223131123320
In base 14, what is 211 + -28b?
-7a
In base 10, what is -45 - -303329?
303284
In base 13, what is 154ab + -119?
15392
In base 5, what is -23040 - 10424412?
-11003002
In base 3, what is 200212021 - -202100212?
1110020010
In base 4, what is -213110312032203 + 3?
-213110312032200
In base 15, what is -7 + -b7c6?
-b7cd
In base 13, what is -5 + 2425651?
2425649
In base 13, what is 4 + -5c0c9b1?
-5c0c9aa
In base 13, what is 21294 + -10b?
21186
In base 13, what is 5a4c1 + -12?
5a4ac
In base 4, what is -1120132303 + 221?
-1120132022
In base 16, what is -354f - -4c?
-3503
In base 3, what is -210110011 + -1011112?
-211121200
In base 11, what is 1854a - 883?
17777
In base 12, what is -74861 - -30?
-74831
In base 9, what is -64 - 112132?
-112206
In base 7, what is 1 - -12024625464?
12024625465
In base 2, what is -10001100011 + -10100011011111?
-10110101000010
In base 5, what is -22411 - 33312?
-111223
In base 3, what is 122 + 211221220221?
211221221120
In base 9, what is -2361883 + -6?
-2362000
In base 12, what is 33191 - 267a?
30713
In base 12, what is -3 + 239058?
239055
In base 12, what is 217 + -863a?
-8423
In base 13, what is -1 - -658851?
658850
In base 5, what is -4 + -30432223443?
-30432224002
In base 9, what is -8408 + 3647?
-4651
In base 4, what is 1200303203 + -13103?
1200230100
In base 5, what is -11334411 + 404?
-11334002
In base 10, what is 1 - 63828?
-63827
In base 11, what is -2 + 311905?
311903
In base 9, what is -145017 - 1366?
-146384
In base 6, what is 32133 - 1101331?
-1025154
In base 13, what is -68c650 + -b?
-68c65b
In base 8, what is 515 + 1412062?
1412577
In base 4, what is 2 - 2101211232303?
-2101211232301
In base 3, what is -101 - -102101012101211?
102101012101110
In base 16, what is 2d06 - -5e4?
32ea
In base 10, what is -470122 + 380?
-469742
In base 7, what is -4 - 34443?
-34450
In base 15, what is 4a46 + ba?
4b11
In base 15, what is -5 + 16d0ec35?
16d0ec30
In base 15, what is 23914b - -a2?
2391ed
In base 10, what is 58 - -3078867?
3078925
In base 11, what is 24660757 + 7?
24660763
In base 13, what is 0 - 26494?
-26494
In base 4, what is -10202222200 - 2?
-10202222202
In base 2, what is -100100010011011 - 10101111101000?
-111010010000011
In base 13, what is -5 - -46a42c?
46a427
In base 2, what is 1101100110110010 - -110110?
1101100111101000
In base 13, what is 56889c0 - 3?
56889ba
In base 16, what is 646f5f + -6?
646f59
In base 7, what is -141313464 - -4?
-141313460
In base